7. Let u be k(68). Suppose j - 3*h = 6*j - 44, -2*h = -6. Calculate the greatest common divisor of j and u.
7
Let r be 180/26 + 4/52. Suppose 4*q + r*q = 1045. Calculate the highest common factor of 38 and q.
19
Suppose 15*z - 161679 = -47484. Calculate the greatest common divisor of z and 92.
23
Let w(p) = -7*p**2 + 73*p - 26. Let y be w(10). Let m(f) = -f**2 - 4*f + 1. Let v = 6 + -10. Let j be m(v). What is the greatest common factor of y and j?
1
Suppose -4*f - f - 5 = 0. Let h(s) = -s - 50*s**3 - 30*s**2 + 10*s**2 + 17*s**2. Let r be h(f). What is the highest common divisor of 24 and r?
24
Suppose -52*m + 40*m = 4644. Let l = -291 - m. What is the greatest common factor of 3 and l?
3
Let c(l) = 124*l**2 + 263*l + 1323. Let v be c(-5). Calculate the greatest common factor of v and 182.
14
Let t = -10687 + 11798. Calculate the greatest common divisor of 5151 and t.
101
Suppose 0 = -3*r - 12, -2*q - 3*r + 117 = 851. Let s = -355 - q. What is the highest common divisor of 324 and s?
6
Let u = -6183 + 11469. What is the highest common factor of u and 6?
6
Let a(s) = 572*s**3 + 2*s**2 - 31*s + 31. Let p be a(1). What is the highest common divisor of p and 2132?
82
Let q = -3703 - -5583. What is the greatest common divisor of q and 141?
47
Let d be ((-2295244)/(-210) + 2/(-5))*3/2. Calculate the greatest common divisor of d and 14.
14
Suppose 0 = -4*z + 10*l - 6*l + 172, -164 = -3*z - 4*l. Suppose 2*h - z = h + 4*m, -h + 27 = 3*m. What is the highest common factor of 216 and h?
36
Let b = -50 + 88. Let t = -33 + b. Let n = 3 + t. Calculate the highest common divisor of n and 12.
4
Suppose 4*j - 3*f = 5052, -4*j + 3010 = -2*f - 2038. What is the highest common divisor of 1995 and j?
105
Suppose -3*v = -12*v + 27. Let u be 1632/18 - (21/(-9) + v). Calculate the greatest common factor of u and 10.
10
Let p = 140 - 81. Suppose 2*w = 2*j + 36, 4*w - p - 31 = -5*j. Let f be 12 - (14 - 5 - 217). Calculate the greatest common factor of f and w.
20
Suppose 3*g + 6*z = 3*z - 387, 2*z = g + 120. Let u = 99 - g. Calculate the highest common factor of 50 and u.
25
Suppose -16 = -4*o, 2*w - 4*o + 271 = -879. Let n = -529 - w. What is the highest common factor of 38 and n?
38
Suppose -303 = -5*v - 4*d, -d = -3*d - 6. Suppose v*s - 61*s = 180. Let g = s + -88. Calculate the greatest common factor of 16 and g.
2
Let v(y) = 306*y - 5142. Let s be v(17). Calculate the greatest common divisor of s and 34590.
30
Suppose -g = 2*x - 916, 1838 = 4*x + 11*g - 8*g. What is the highest common factor of x and 182?
91
Suppose -36 = 1797*q - 1806*q. Suppose p - 6 = -p. Suppose -2*m + p = m. Calculate the highest common factor of m and q.
1
Let c(o) = -o**2 - 18*o - 38. Let j be c(-9). Suppose -2*a + 254 = 3*p, -a - 420 = -5*p - 6*a. What is the greatest common factor of j and p?
43
Let j be 2/6 + (-861)/(-9). Let k = j + -57. Suppose 7*w - 38 = 53. What is the highest common divisor of k and w?
13
Suppose -37879 - 81762 = -197*r + 56674. What is the highest common factor of r and 3938?
179
Let g be -4*(-1)/(-14)*252/(-3). Let u be -72*-1*(-3)/(-6). What is the highest common divisor of g and u?
12
Let h be (5/(-15) - 0)*-27. Suppose 11*a - 8*a - h = 0. Suppose a*x + 701 = 3*s + x, 4*x - 446 = -2*s. Calculate the greatest common divisor of s and 21.
21
Let h be 387064/84 - (-58)/609. What is the highest common factor of 9 and h?
9
Suppose 429 = 14*s + 149. Let g = -57 - -167. Calculate the highest common divisor of s and g.
10
Suppose 4*f = -4*c + 660, -8*c + 819 = 5*f - 9*c. Let z = -117 + f. What is the highest common divisor of 846 and z?
47
Let c(x) be the second derivative of 3*x**2 + 6*x + 0 + 11/6*x**3. Let j be c(6). What is the greatest common factor of 8 and j?
8
Let b be -418*130/(-32) - 266/2128. Calculate the greatest common divisor of 6 and b.
6
Suppose -2759 = -t - 2*c, -5*c = -3*t - 206 + 8461. Calculate the highest common factor of t and 145.
145
Suppose -8*k = 18*k - 780. Suppose -12*g + 739 + 1241 = 0. Calculate the highest common factor of k and g.
15
Let n(h) = -49*h**2 + 28*h. Let m be n(3). Let c = m - -361. Calculate the highest common factor of 20 and c.
4
Suppose -778 = -65*f + 73*f - 3722. What is the greatest common factor of f and 230?
46
Let k be 5 - 6/12*-38. Let a = 459 + -147. What is the highest common factor of a and k?
24
Let u be (115*(-39)/(-130))/(6/8). Calculate the greatest common divisor of u and 1403.
23
Let z = 8200 - 8181. Calculate the highest common divisor of z and 6498.
19
Let l(a) = -69*a + 588. Let q(r) = -23*r + 198. Let k(x) = 4*l(x) - 11*q(x). Let y be k(7). What is the highest common factor of 247 and y?
13
Let j be (-10)/(-3) - (2 - 10/6). Let o(y) = -13 + 4*y + 2*y - 2*y**2 + 10*y**2 + 19 + y**j. Let q be o(-7). What is the greatest common divisor of q and 13?
13
Let q be ((-9 - -124) + 2)*5/15. Calculate the highest common factor of q and 169.
13
Suppose 7*u - 20 = 15. Suppose -l + u*n = 20, 0 = -5*n + 10 + 15. Suppose l*y = 2*q + 2*q + 126, 0 = -2*q - 8. Calculate the highest common factor of y and 2.
2
Let h be -37*4*1/(3 + -4). Let x = -63 + h. Let z = x + -76. Calculate the greatest common factor of 153 and z.
9
Let d(y) = 4565*y**2 + 34*y + 1. Let t be d(1). Calculate the highest common divisor of t and 1610.
230
Suppose -480 = -f - 4*m + 125, -4*f + 2394 = 3*m. Let j be (-535)/(-214)*-24*5. Let b = j + f. What is the greatest common factor of b and 33?
33
Let n = 656 + -648. Suppose 15*t - 896 = n*t. Calculate the greatest common divisor of t and 40.
8
Suppose 0 = -5*w - l - 2004, 9*w = 5*w - 5*l - 1599. Let r = -308 - w. What is the highest common factor of 124 and r?
31
Let j(f) = -f**2 + 3*f + 4. Let p be j(3). Let r be (-255)/(((-24)/(-6))/(-4)). Let h = -211 + r. What is the highest common factor of p and h?
4
Let q be 3654/153 - 46/(-391). Suppose -2*o = -0*g - 4*g + 776, -4*g - 3*o = -756. What is the highest common factor of q and g?
24
Let a = 40 + -44. Let r(h) = h**2 + 3*h + 1. Let u be r(a). Let g = u - -115. What is the greatest common factor of g and 15?
15
Suppose d + d = 44. Let z = 27 + 11. Let i = z + d. What is the highest common factor of i and 15?
15
Suppose -441 = -23*i + 268 - 157. Let d = 85 - 43. What is the greatest common divisor of d and i?
6
Let b(z) = z**3 - 21*z**2 + 20*z + 5. Let w be b(20). Suppose -2*d + 167 = 5*l, 4*d - 103 = -w*l + 2*l. Calculate the greatest common factor of l and 407.
11
Let g be 1/3 + (-6)/18. Suppose 3*a - 39 - 87 = g. Let b = -24 - -38. Calculate the greatest common divisor of b and a.
14
Let m = -519 + 652. Let u be (1 - (2 - 3)) + -1. Let s be -4 + 2 + (u - -20). Calculate the greatest common factor of s and m.
19
Suppose 0 = 3*j - 2*b - 1085, 4*j - 1174 = -4*b + 286. Suppose -12*p + j = -1797. What is the highest common divisor of p and 18?
18
Suppose -244*l = -255*l + 2695. What is the greatest common factor of 49 and l?
49
Suppose 0 = 66*i - 40*i - 43706. Calculate the highest common divisor of i and 205.
41
Let o = 225 - 220. Suppose -m = 4*d + 2 - 55, 0 = 5*d + o*m - 85. What is the highest common factor of 384 and d?
12
Let u = -28 + 36. Let s(a) = a**2 - 18*a - 27. Let m be s(-13). Calculate the greatest common divisor of m and u.
8
Let u = 6 + -1. Suppose 33 = -6*d + u*d. Let n = -18 - d. What is the highest common factor of n and 135?
15
Let n(r) = -r**2 + 16*r + 46. Let j(u) = u**3 + 28*u**2 + 132*u + 12. Let d be j(-22). Let z be n(d). Calculate the highest common factor of 2 and z.
2
Let z be 30/20*8/(-6). Let k be z - -142 - (2 + 0). Let y = 237 - k. Calculate the highest common divisor of 9 and y.
9
Let f(x) = 951*x - 1996. Let u be f(5). What is the greatest common factor of u and 267?
89
Let v = -118 + 48. Let w = 35 - v. Let p be (-5)/((-5 + 11)/(-18)). Calculate the greatest common divisor of p and w.
15
Let n be (3/1)/((-90)/(-420)). Let s be 4/n*14 + 0 + 2. Calculate the greatest common divisor of 39 and s.
3
Suppose -2*z + 16*n - 15*n + 54 = 0, 4*z = -3*n + 98. What is the highest common divisor of z and 1898?
26
Let z be 4 + 11 + -9 + -1. Suppose -a = -322 + 87. Calculate the highest common factor of a and z.
5
Let w = -1782 + 9405. Calculate the greatest common divisor of 63 and w.
63
Let f be (-9 - 14148/(-45))*5. Calculate t